, -5*a + 0*a - 25 = 0. Calculate y(r).
7
Let o(q) = q + 1. Let j be o(9). Suppose -j = 2*b - 4*b. Let p(f) = -3*f**2 + 8*f + b*f**2 - 3 - 3*f**2. Determine p(6).
9
Let u(b) = -7*b + 12. Let c be u(-7). Let n = 68 - c. Let v(p) = -p**2 + 6*p - 3. What is v(n)?
-10
Suppose s - 3 = 3*c, 4*c + 4*s = 2*s + 6. Let f = c - 3. Let g(z) = -9 - 12*z + 8 + 10*z - z**2. Determine g(f).
-4
Let x be (-26)/8 - 603/804. Let t(j) = -j**3 - 4*j**2 + j - 8. Give t(x).
-12
Let r(g) = 8 - 10 + 4*g + 29 + 11 - 7. Determine r(-8).
-1
Let h = -2 + -2. Suppose 12*z - 2 = 10*z. Let a(p) = z - 3 + 4 - 3*p - 6. What is a(h)?
8
Let v(u) = -u**2 - 3 + 0 - 9*u + 3*u. Let p be (-43)/9 - (143/(-99) + (-15)/(-9)). Give v(p).
2
Suppose -198 + 180 = 6*o. Let t(s) = 3*s + 9. Give t(o).
0
Let n be 6/(-1)*(35/(-21) + 1). Let j(z) = 12*z - z**2 - 24*z + 16*z - n. Give j(3).
-1
Suppose 0 = -37*s + 42*s - 15. Let n(x) = -4*x + 6. Calculate n(s).
-6
Suppose -2*q = 3*g - 20, q - g + 4*g - 16 = 0. Let x(o) = q - 8 + 0*o + o - 2. Give x(8).
2
Let z(j) = -5 - 448*j**3 + 447*j**3 + j**2 + 10*j**2. What is z(11)?
-5
Suppose -20 = 10*y - 15*y. Let g(h) = -6 + 5*h - 2*h - y*h. Determine g(0).
-6
Let h(o) = 36*o**3 + 2*o + 1. Suppose -2187*m + 6 = -2193*m. What is h(m)?
-37
Let o(m) = -56 - m**2 + 58 - 11*m + m**3 + 7*m. Determine o(2).
-2
Let m(b) = 0*b**3 + 3*b**2 + 0 + b + 1 + 4*b**3. Let t = 350 + -352. Calculate m(t).
-21
Let f(z) = -z**2 - 4*z + 4. Let o = 59 - 67. Determine f(o).
-28
Let k be (-15)/((-9)/(-3)) + 6. Let o(m) = -m**2 - m + 24. Let f be o(0). Let h be (f/(-30))/(k/(-5)). Let t(c) = c**3 - 4*c**2 + c - 1. Determine t(h).
3
Let y(f) = 6 + 425*f**2 - f**3 + 10*f - 421*f**2 - 15*f. Give y(3).
0
Suppose d + 3*d = -24. Suppose g = -4*g - l + 12, -10 = -5*l. Let f(x) = 0*x**2 - 3*x**g - 3 - 6 - 9*x + 2*x**2. Calculate f(d).
9
Let z be (89/(-4))/(3/12). Let s = 80 + z. Let a(g) = -g - 6. Give a(s).
3
Let x = -16 - -17. Let f(l) = -20*l**2 + l - 1. What is f(x)?
-20
Let c(r) = r**3 + 5*r**2 - 8*r - 7. Let f = 31 - 18. Let m = 7 - f. Determine c(m).
5
Let b = 11 - 25. Let r = 15 + b. Let k be r/(-3) + 25/(-15). Let y(o) = -o**3 - o**2 + 2*o + 2. What is y(k)?
2
Suppose -3*k - 2*x = 2*k, -3*k = -4*x + 26. Let t(d) = 3*d**2 + 3*d. Give t(k).
6
Let a(x) = 6*x**3 + 17*x**2 + x - 55. Let g(r) = 5*r**3 + 16*r**2 - 48. Let k(h) = -6*a(h) + 7*g(h). Give k(9).
21
Let j(t) = -23*t + 13. Let b(v) = -14*v + 7. Let g(r) = -5*b(r) + 3*j(r). Give g(-10).
-6
Let g(n) be the first derivative of n**3/3 + 7*n**2 + 2*n - 628. Give g(-11).
-31
Let p(k) = -k**3 - 9*k**2 - 14*k + 13. Let c be p(-7). Let u(s) = -s**2 + 5 + s - c*s - 19. What is u(-10)?
6
Let f(r) = 6*r**3 - 2*r - 1. Let h = -39 + -1. Let l = -41 - h. Calculate f(l).
-5
Let y(q) = q**2 + 8*q + 6. Suppose -l + 7 = -3*k - 0, 3*l + 5*k + 49 = 0. What is y(l)?
6
Let a(y) be the first derivative of -y**3/3 + 3*y**2 - 3*y + 250. Let x = 1 - -5. What is a(x)?
-3
Let i = -1200 - -1204. Let m(q) = -q**2 + 11*q - 8. Determine m(i).
20
Let u(l) = -2*l + 21. Let k be u(10). Let y be (-22)/8 + k/(-4) + 10. Let x(d) = -d**2 + 7*d - 4. Determine x(y).
-4
Suppose 0 = -4*t - t - 30. Let s(d) be the first derivative of -d**3/3 - 2*d**2 + 4*d - 1008. Determine s(t).
-8
Let k(c) = -9*c**2 + 0*c**3 + 3*c + c**3 + 12*c**2 - 2*c. Let o = 7 + -17. Let m = o - -8. Determine k(m).
2
Let c = -623 - -621. Let x(j) = j**2 + 1. What is x(c)?
5
Let h(i) = -i + 2. Let f be (-1 - 1) + (7 - 2). Let m be h(f). Let q = m + -5. Let v(c) = -c**3 - 7*c**2 - 7*c - 7. Calculate v(q).
-1
Let h(v) = v**2 + v - 2. Suppose 4*w = 13 + 219. Let o be 32/144 + w/(-18). Determine h(o).
4
Let m(a) = 14*a - 15. Suppose 46 = -8*i - 90. Let s(k) = -2*k + 7*k - 3 - 2 + 0. Let q(y) = i*s(y) + 6*m(y). Give q(-3).
-2
Let j(d) = -8*d - 8. Let r(k) = 14*k + 15. Let h(m) = 9*j(m) + 5*r(m). Suppose 2*q - l - 27 = 4*l, -4*l = 2*q. What is h(q)?
-9
Suppose -16 = -3*z - 4*o, 0*z - 4*z - 4*o + 16 = 0. Let d(j) = j**2 - j + 3. Let q be d(z). Let p(k) = 3*k**2 + q*k**2 + 1 - 13*k**2 + 2*k**2. Calculate p(-1).
-4
Let b(q) be the second derivative of q**7/2520 + 7*q**6/720 - 7*q**5/120 - q**4 + 13*q. Let r(p) be the third derivative of b(p). Determine r(-9).
11
Let p(q) be the third derivative of 0*q**3 + 0*q - 1/15*q**5 + 1/6*q**4 + 0 - q**2 + 1/360*q**6. Let l(y) be the second derivative of p(y). Determine l(6).
4
Suppose -5*p + m + 13 = -3*p, -p + m + 7 = 0. Let b(r) = r**2 - 9*r - 20. Let q be b(11). Let v(f) = -9*f - 17*f**2 + 5*f**q + f**3 + 7 + 7*f**2. What is v(p)?
-11
Suppose -3*d - 4 = -d. Let v be 1/(-2) - 11/d. Let k(g) = -6*g**2 - 3*g - 1 - v - g**3 + 0 - 3*g. Give k(-5).
-1
Let w(r) = 5*r**3 - 2*r**3 - 2*r**3 - 5*r**2 - 6*r - 6 + 0. Let s = -15 - -21. Calculate w(s).
-6
Let d(j) = -16*j**2 + j**3 + 7 - 2*j + 23*j**2 - 3*j**2. Determine d(-5).
-8
Suppose 0 = 32*r - 110 - 466. Let m(p) = p**3 - 17*p**2 - 19*p + 20. Determine m(r).
2
Let m(f) = 4 - 2 - 3 + 8*f - 7*f. Let k be m(-20). Let b = k + 28. Let t(x) = x**2 - 8*x - 1. Determine t(b).
-8
Suppose 410*f - 419*f = -54. Let k(r) = r. Let v(q) = 8*q. Let y(m) = m**3 + 4*m**2 - 1. Let t be y(-4). Let n(c) = f*k(c) + t*v(c). Calculate n(2).
-4
Let l(d) = -d**3 + 8*d**2 - 7*d + 5. Let g(v) = 8*v - 12. Let b be g(9). Suppose 5*m + 5*t = b, 4*t = m + 3*t - 2. What is l(m)?
5
Let j(g) be the second derivative of -g**5/60 + 11*g**4/24 - 13*g**3/6 - 6*g**2 + 19*g. Let x(n) be the first derivative of j(n). Calculate x(10).
-3
Let v = -39 - -41. Let n(i) = -20*i - 23*i + v*i**2 + 5 + 41*i. Calculate n(4).
29
Let x be (-132)/21 + 2/7. Suppose 33 = 13*u + 20. Let p(y) = 7*y - 3. Let v(z) = z - 1. Let k(j) = u*p(j) + x*v(j). Give k(-5).
-2
Let h be ((-5096)/128)/(-13) + (-2)/32. Let j(r) = -r**2 + 4*r + 1. Calculate j(h).
4
Suppose -2*f + 7*f = 0. Suppose -3*j + 6 = -f. Let h(u) = 3*u**2 - j - 17*u - 2*u**3 + 16*u + 0*u**3. Give h(2).
-8
Let i(l) = -19*l**3 + 13*l**2 - 17. Let x(t) = -6*t**3 + 4*t**2 - 5. Let h(p) = 2*i(p) - 7*x(p). Calculate h(-1).
-5
Let g(k) = -2*k - 2. Let f(o) = o**2 + o - 2. Let y(c) = f(c) - 5*g(c). Give y(-10).
-2
Let z(x) = -2*x**2 - 1. Let i(w) = w**2 + 11*w + 20. Let a = -28 + 19. Let c be i(a). What is z(c)?
-9
Let w = 28 + -23. Suppose -w*h = 5*d, 3*d + 2 = 3*h - 5*h. Let q(p) = -3*p - 1. Calculate q(h).
-7
Let v(m) be the first derivative of m**2/2 - 5*m - 124. Give v(10).
5
Let w(p) be the second derivative of p**3/6 - p**2 + 9*p. Suppose -4*s - 4 = -3*s. Calculate w(s).
-6
Suppose 6*u = 38 - 8. Let d(n) = n - 6 + 2 + 0 - 1. Give d(u).
0
Let t(c) be the first derivative of 3*c**2 + 5*c - 3. Let l(k) = -5*k - 5. Let g(v) = 5*l(v) + 4*t(v). Let p(b) = b**3 - b**2 - b - 2. Let x be p(2). Give g(x).
-5
Let w(i) be the first derivative of i**4/4 + 4*i**3/3 - 3*i**2/2 + 2*i - 2. Let b(y) = y**3 - 4*y**2 + y - 45. Let n be b(6). Let z = -38 + n. What is w(z)?
-8
Let b(z) = z**2 + z. Let k(m) = 20*m**2 - 4*m - 1. Let n(x) = 4*b(x) + k(x). Let h(i) = 86*i + 1547. Let g be h(-18). Give n(g).
23
Let h(o) = 2*o - 3 + o + 4. Suppose -d + 218 - 213 = 0. Suppose 5*w + 1 = -2*t + 2*w, -6 = -d*t + w. Give h(t).
4
Suppose -60*k + 4 = 244. Let u(j) = j**3 + 4*j**2 - j - 7. Calculate u(k).
-3
Let k = 42 + -39. Suppose 2 = -k*q - 4. Let a(o) = -17*o**2 - 17*o + 2. Let f(t) = 6*t**2 + 6*t - 1. Let r(x) = 4*a(x) + 11*f(x). What is r(q)?
-7
Let j(v) = 5 - v - 39 + 15 + 12. Let y = 14 - 20. Calculate j(y).
-1
Let a(n) = n - 12. Let d(r) = r**3 - 11*r**2 - 13*r + 12. Suppose -21 = -3*h - 3*f, 4*h - 5*f + f - 68 = 0. Let k be d(h). Determine a(k).
-12
Let x(j) = -236 + j**3 - j + 236 - j**2. Calculate x(0).
0
Let v(o) = o**3 + 3*o**2 - 2*o - 1. Let g be v(-3). Let y(w) = -g*w + 6 + w + 4*w - 3*w. Let h be (18/6)/(6/8). Determine y(h).
-6
Let b(c) = c + 9. Suppose -24 = -3*w + 9*w. Let a be b(w). Let o(h) = -h - 2. What is o(a)?
-7
Suppose 33 = -3*z + 3*n, z + 8 + 8 = 2*n. Let t(a) be the first derivative of 1/3*a**3 + 0*a + 7/2*a**2 + 3. Give t(z).
-6
Let j(a) = -10*a + 2. Let u(d) = 27*d - 5. Let f(b) = 11*j(b) + 4*u(b). Calculate f(-1).
4
Let u(d) be the first derivative of -d**2/2 + d - 49. Let t = -36 - -38. Calculate u(t).
-1
Let w(q) = q**3 - 6*q**2 - 3*q + 8. Suppose 2*t - 63 = -7*t. Suppose 0 = -2*k + 3*j + 15, -k - k - 5*j + t = 0. Give w(k)